late the remainder when 118 is divided by d.
28
Let f(z) = z**2 + 3*z - 10. Calculate the remainder when 65 is divided by f(-7).
11
Suppose 5*c = 3*c - 4*r + 92, -3*c + 123 = r. Calculate the remainder when c is divided by 26.
14
Let d be (-1)/4 - (-5)/4. Let v be (-2)/6*(14 + -11) - 11. Let g = d - v. What is the remainder when g is divided by 4?
1
Suppose -4*m + 39 = -73. What is the remainder when 111 is divided by m?
27
Suppose 2 + 8 = 5*c. Suppose 0 = -c*s - 0*s + 4*w + 44, -5*w + 33 = 3*s. Calculate the remainder when s is divided by ((-3)/(-24)*18)/(1/4).
7
Let o(y) = 6*y**2 - 1. Let x = 12 + -10. Let t be (x/3)/((-2)/(-3)). What is the remainder when o(t) is divided by 2?
1
Suppose -j - 28 = -a, -160 = -8*a + 3*a - 5*j. What is the remainder when 118 is divided by a?
28
Calculate the remainder when 172 is divided by (-3)/(-6)*(1 - -49).
22
What is the remainder when 7 is divided by 5/(-1)*(1 + -2)?
2
Calculate the remainder when 376/12 + 1/(-3) is divided by 8.
7
Let x = -51 - -79. Let n = 28 + -20. What is the remainder when x is divided by n?
4
Suppose -n = -3*n - 5*z + 17, -2*z = -3*n + 16. Calculate the remainder when 11 is divided by n.
5
Suppose 0*k = -2*k - 62. Suppose 3*n - 79 = 77. Let y = n + k. What is the remainder when y is divided by 11?
10
Let v(a) = a**3 - 11*a**2 + a + 8. Calculate the remainder when 54 is divided by v(11).
16
Suppose 3*r + 96 = 6*r. Let g = -22 + r. Let w(m) = 4*m + 5. Calculate the remainder when w(6) is divided by g.
9
Suppose -5*h + 6 = -9. Let v be 2/(2/43) + -1. Suppose v = 2*p + h*w, p - w = 9 + 22. Calculate the remainder when p is divided by 14.
13
Let x(y) = -6*y + 1. What is the remainder when 25 is divided by x(-1)?
4
Let g(z) = -20*z + 1. Let o be g(-1). Let y = o + -8. Let w = y - 5. Calculate the remainder when 14 is divided by w.
6
Suppose x - 4*y = 2*x - 32, 39 = 2*x + 3*y. Let w = 37 - x. What is the remainder when w is divided by 13?
12
Let k = 411 - 240. Suppose -k = 6*w - 9*w. Calculate the remainder when w is divided by (-12)/(-2)*5/2.
12
Let m(n) = -16*n**3. Suppose 2*q - 12 + 4 = 0. Suppose q*t = 5*u + 56, -3*u + 9 = 5*t - 24. What is the remainder when m(-1) is divided by t?
7
Let w(i) = -4*i - 2. Let t = -10 - -16. Let b(u) = u + 1. Let g(o) = t*b(o) + 3*w(o). What is the remainder when g(-1) is divided by 4?
2
Let j be 1 - (0 + (0 - 7)). Calculate the remainder when 25 is divided by ((-26)/(-8))/(j/32).
12
Let o = 38 - 26. Calculate the remainder when 93 is divided by o.
9
What is the remainder when (0 - -1)/(7/301) is divided by 11?
10
Let n(b) = -4 - 2*b - 13*b - b**2 + 4*b. What is the remainder when n(-7) is divided by 13?
11
Suppose 0 = -y + 4. Let r be (2/(-1))/(6/21). What is the remainder when y is divided by ((-18)/63)/(1/r)?
0
Suppose -4*d = -6*d. What is the remainder when 26 is divided by d/(-1 - 0) + 14?
12
Suppose -3*g + 14 = -1. Suppose -2*c + u = 2*c - 45, -4*u + 30 = g*c. Calculate the remainder when c is divided by (-8)/6*(-1 - 2).
2
Suppose 0*o = o - 30. Calculate the remainder when 59 is divided by o.
29
Let p(r) = r**2 + 10*r + 13. Calculate the remainder when 23 is divided by p(-10).
10
Let m(b) = -b - 11. Calculate the remainder when 8 is divided by m(-16).
3
Suppose 22*h = 80 + 250. Calculate the remainder when 134 is divided by h.
14
Suppose -2*z + 75 = z. What is the remainder when z is divided by 14?
11
Suppose 4*m + 2*y = 60, 5*y + 60 = 2*m + 3*m. What is the remainder when m is divided by 12?
2
Suppose 0*t = 2*t - 2. What is the remainder when 2 is divided by t?
0
Suppose g + 3 = -3*d, g + 2*d + 46 = 4*g. What is the remainder when 21 is divided by g?
9
Suppose -2*d + 2*t = -5*d + 8, 4*d + 5*t = -1. What is the remainder when 21 is divided by d?
3
Let g = 72 + -45. What is the remainder when 133 is divided by g?
25
Let g(i) = i**3 + 7*i**2 - 8*i + 10. What is the remainder when 15 is divided by g(-8)?
5
Let v(a) = a**2 + 16*a + 51. What is the remainder when 80 is divided by v(-14)?
11
Suppose 0 = 3*l - 0*t - t - 11, 0 = 3*l - 3*t - 9. Suppose -2*k + 2*n = -l*k + 88, 5*k + 4*n = 225. What is the remainder when k is divided by 10?
9
Let t(q) = -4*q - 10. Let k be t(-4). Let o = -1 + 8. Calculate the remainder when o is divided by ((-6)/(-4))/(3/k).
1
Suppose 0 = 3*v - 5*n - 50 + 8, 0 = 3*n. Suppose -4*d = 2*f - 12, -3 = -3*d - 3*f - 0. Calculate the remainder when v is divided by d.
4
Let o(y) = y**2 + 11*y - 18. Calculate the remainder when 140 is divided by o(-14).
20
Let r be 408/9 + (-1)/3. Suppose 2*a = -a + r. Let g(t) = -t + 2. What is the remainder when a is divided by g(-6)?
7
Let u(d) = d + 7. Let s(r) = r**2 + 3*r + 1. Let o(b) = -b**2 - 2*b - 1. Let y be o(-3). Let i be s(y). Calculate the remainder when u(i) is divided by 7.
5
Let j = 144 + -87. What is the remainder when j is divided by 20?
17
Let b(n) = -n**3 + 10*n**2 + 5*n - 8. Let i be b(10). Suppose 5*a - i = -4*r, 5*a + r - 3*r - 24 = 0. Calculate the remainder when 10 is divided by a*6/9 - -2.
4
Let b = 42 + -15. Calculate the remainder when b is divided by 14.
13
Suppose 21*b = 26*b - 95. What is the remainder when b is divided by 5?
4
Suppose j - 3*j = -5*w + 145, -2*w + 72 = 2*j. Calculate the remainder when 91 is divided by w.
29
Let p = -31 - -43. Suppose 40 = 5*w - o, 2*o + p = 3*w - o. What is the remainder when 25 is divided by w?
7
Let o = 5 - 2. Suppose 4 + 5 = o*l. What is the remainder when 8 is divided by l?
2
Let r = -3 - -11. Suppose 9*w + r = 11*w. Calculate the remainder when w is divided by 3.
1
Let s = 91 - 32. Suppose -3 + s = 4*v. Suppose v = z + z. What is the remainder when z is divided by 4?
3
Let c be ((-4)/8)/((-2)/120). Suppose 2*s = 36 + c. What is the remainder when s is divided by 12?
9
Suppose 0 = l + 2*c - 14, -l + 29 = 2*c + 3*c. Suppose -l*n + 2*n = -8. Suppose 0 = n*m - 54 + 2. What is the remainder when 38 is divided by m?
12
Suppose 4*g - 2*g - 70 = 0. Suppose 0*i - 3 = -i. Suppose 2*l - i*l + 18 = 0. Calculate the remainder when g is divided by l.
17
Let v = -96 + 119. What is the remainder when v is divided by 5?
3
Calculate the remainder when 2/3 + (561/(-9))/(-1) is divided by 8.
7
Let j(f) = 1 + 0*f + 2*f + 43*f**2 - 2. Let b be j(1). Suppose 4*p = -4*k - 0*p + b, -p = -5*k + 85. What is the remainder when k is divided by 6?
4
Suppose 5*k + 1 = -4*i, -5*k - 68 = -4*i - 19. Let t = i - -2. What is the remainder when 29 is divided by t?
5
Let n(q) = -8 - q**3 + q + 0*q**3 + q + 2 + 6*q**2. What is the remainder when n(5) is divided by 10?
9
Let x = -14 + 71. Calculate the remainder when x is divided by 1*-2*(17 - 27).
17
Suppose -12 = -5*m + 8. What is the remainder when 19 is divided by (10 - 4)/(6/m)?
3
Suppose -2*u - 60 = -5*f + u, -f + 3*u = 0. Suppose -2*n - n = -f. What is the remainder when (2/6)/((-1)/(-39)) is divided by n?
3
Suppose -3*x + g + 518 = 0, 0*g + 4 = g. Calculate the remainder when ((-6)/(-9))/(4/x) is divided by 15.
14
Suppose k = -2*n + 1, 2*n - 2 = -12. Let o = 43 - -28. Let x = o + -39. Calculate the remainder when x is divided by k.
10
Suppose 25 = 2*d - q, -d - q + 26 = -6*q. Let a be (2/3)/(1/3). Let s(y) = 9*y + 2. Calculate the remainder when s(a) is divided by d.
9
Let p = 5 + -3. Suppose -3*d = -o + p*o - 67, 13 = d + 5*o. Let i(s) = 2*s - 4. What is the remainder when d is divided by i(8)?
11
Let b = -4 - -12. Suppose 0 = 3*p - b*p + 185. Suppose 65 = 3*w + 2*w. Calculate the remainder when p is divided by w.
11
Let w(v) = -2*v**2 + 55*v + 5. What is the remainder when w(26) is divided by 36?
11
Let h be 0 - (-2 - (2 - 1)). Suppose h*j = -j + 52. What is the remainder when 51 is divided by j?
12
Suppose -3*t + 2*q = 4*q - 48, 4*q = 4*t - 64. What is the remainder when 47 is divided by t?
15
Calculate the remainder when 97 is divided by (1/2)/(178/44 + -4).
9
Suppose -5*z + 85 = -k - 3*k, k = 5. Calculate the remainder when 76 is divided by z.
13
Let r(z) = 2*z**2 - 3*z + 6. What is the remainder when r(8) is divided by 38?
34
Suppose 30 = w - 12. Suppose 0 = -5*g - 3*j + 155 - 31, -5*j = 2*g - w. What is the remainder when 102 is divided by g?
24
Let g = 215 - 67. Calculate the remainder when g is divided by 38.
34
Suppose 4*v = 5*l - 29, -5*l + 11 + 10 = 4*v. Let o(m) = m**3 + 10*m**2 - m + 8. What 